digit of l?
6
Suppose -5*o + 208 = -i + 1142, -5*o - 910 = 5*i. Let n = -70 - o. What is the hundreds digit of n?
1
Let r be -555*1/2*-8. What is the tens digit of r/50 - 3/(-5)?
4
Suppose -c + 3*g + 178 = 0, g - 83 = -86. What is the tens digit of c?
6
Suppose 4*m + 15 = 9*m. Suppose 0*c + 5*c - 80 = -5*u, 0 = -m*c + 5*u + 16. What is the tens digit of (-40)/3*c/(-10)?
1
Let m = 13 - 12. Suppose -m = -c + 3. Suppose 0 = c*u + 2*p + 3*p - 113, u - 23 = 4*p. What is the tens digit of u?
2
Let z(y) = -62*y**3 + 2*y**2 + 2*y - 1. Let r be z(-2). Suppose l + 3*f = 93, -3*l = 2*l - 2*f - r. Let q = -31 + l. What is the units digit of q?
8
Suppose -u = 3*l + 60 - 215, -4*l = 5*u - 830. Suppose -4*w = 5*t + 68 - u, 0 = 2*w - 4*t - 64. What is the units digit of w?
8
Let b = 20 - 9. Let o(w) = -2*w + 15. Let z(h) = 1. Let a(x) = -o(x) + 2*z(x). What is the units digit of a(b)?
9
Let f(s) = -s**3 + 8*s**2 - 2*s + 10. Let y be f(8). Let w(n) = -46*n + 60. What is the hundreds digit of w(y)?
3
Let x(m) = -12*m**3 + 5*m**2 + 7*m + 4. What is the hundreds digit of x(-2)?
1
Let k(s) = -s**3 + 8*s**2 - 7*s - 6. Let u be k(4). Suppose 36 = 3*m - u. What is the units digit of m?
2
Let t = -87 + 62. Let s = t - -157. What is the tens digit of s?
3
Let s(w) = 42*w**3 + 3*w**2 - 2*w - 4. Let g be s(2). Suppose g = -10*l + 14*l. What is the tens digit of l?
8
Let z(k) = k**3 - 22*k**2 + 40*k + 58. What is the units digit of z(22)?
8
Let m = 1620 + -990. What is the tens digit of m?
3
Let h(x) = -2*x**3 - x - 1. Let o be h(-1). Suppose 3*q - 4*n = -o*n + 425, -5*q + 4*n + 705 = 0. What is the hundreds digit of q?
1
Let s(w) = -2*w**2. Let d(g) = -5*g**2 - 5*g + 3. Let o(i) = i**2 + i - 4. Let t be o(-3). Let y(m) = t*d(m) - 6*s(m). What is the units digit of y(7)?
4
Suppose 4*d - 32 = 5*r, -3*r = 4*d - 27 - 5. Let u = 11 - d. Suppose 2 = g + 5*i, -44 = -u*g - g - 2*i. What is the tens digit of g?
1
Suppose r + 0*t - 105 = 3*t, 5*r - 474 = -2*t. Suppose 15 = 3*w - r. What is the units digit of w?
7
Suppose 2 - 22 = 5*b. Let p be b - ((-8)/2 + -4). Suppose p*w - 101 = 99. What is the units digit of w?
0
Let m(t) = -t - 8. Let j be m(-11). Suppose 5*c - 536 = -4*k, j*c + 3*k + 2*k - 319 = 0. What is the units digit of c?
8
Let b(p) = -p**3 - 1. Suppose 5*o + 13 = -2. What is the tens digit of b(o)?
2
Let k = 143 - 3. What is the hundreds digit of k?
1
Suppose -5*m - 11*f = -9*f - 3147, -1253 = -2*m + 5*f. What is the hundreds digit of m?
6
Let w(a) = -46*a + 31. What is the units digit of w(-8)?
9
Let a = -8 - -78. Suppose 3*m - a + 1 = 0. What is the units digit of m?
3
Suppose -5*j - 5*z = -425, 0 = -j + 5*j - z - 355. Suppose n - j = -n - 5*w, -2*n + 3*w = -120. What is the units digit of n?
4
Let k(y) = y**3 - 8*y**2 - 30*y - 35. What is the hundreds digit of k(13)?
4
Suppose 4*x - 63 = -s + 267, 0 = -5*x - 25. What is the hundreds digit of s?
3
Suppose 0 = w + 1 - 3. Suppose x = 2*m - 126, w*m + 3*x = -29 + 155. What is the units digit of m?
3
Let x(u) = -u**2 - 3*u + 1. Let v be x(-2). Suppose v*p = -2*p + 20. Suppose -25 = -p*c - c. What is the units digit of c?
5
Suppose 0 = 2*k + 13 - 43. Suppose -2*d - k + 279 = 0. What is the tens digit of d?
3
Let l = -2193 - -4014. What is the thousands digit of l?
1
Suppose 19*k = 1832 + 980. What is the tens digit of k?
4
Suppose 904 = 3*y - 572. What is the units digit of y?
2
Suppose s = a + 2*a + 2, -2*a + 2 = s. Suppose -z + 0*z + 4*m = -7, -z - s*m = -1. Suppose -y - 60 = -z*y. What is the units digit of y?
0
What is the units digit of (2758/21 + -5)*3?
9
Suppose 0 = -259*v + 263*v - 596. What is the hundreds digit of v?
1
Suppose 180 = -12*v + 7*v. Let l be v/(-45) + 18/(-10). What is the units digit of 0 - (-68 - 1 - l)?
8
Let v = 1031 + -730. What is the hundreds digit of v?
3
Let k be ((-10)/(-20))/((-2)/(-4)). What is the units digit of (k*12/(-5))/((-3)/105)?
4
Let o be (-1)/(5/(-1230)*2). Suppose -760 = -11*s + 7*s. Let f = s - o. What is the units digit of f?
7
Let n(x) = x**3 - 8*x**2 - 5*x - 23. Let s(k) = -k**3 - 9*k**2 + 10*k + 10. Let i be s(-10). What is the hundreds digit of n(i)?
1
Let j(o) = -o**3 - 11*o**2 - 2*o - 17. Let d = -89 + 77. What is the hundreds digit of j(d)?
1
Let l(c) = 27*c**2 - 3*c + 8. Let f be l(4). Suppose -3*q + 332 = -4*i - 2, 0 = 4*q - i - f. What is the units digit of q?
6
Let n be 10*9/(90/52). Suppose 49*i - n*i + 174 = 0. What is the tens digit of i?
5
Let f = 23 - 4. Let m = -14 + f. Suppose -2*g = -5*p - g + 19, -5 = -m*g. What is the units digit of p?
4
Suppose 2*a + 5*h = 19, a - 2*h = -4*h + 8. Suppose r + 10 = -u, -58 = 5*r - 5*u + a. What is the units digit of 2070/110 + (-2)/r?
9
Let c = 0 + 3. Suppose 208 = j + 3*w, -w + 0*w + 5 = 0. Suppose -c*p - 43 = -j. What is the units digit of p?
0
Suppose 2*v - v = n, -5*v - 3 = -2*n. What is the units digit of 5 + ((-6)/3 - n)?
4
Let d(o) = 7*o**2 + 14*o - 19. Let f(v) = 4*v**2 + 7*v - 9. Let q(i) = 3*d(i) - 5*f(i). Let t be q(-9). What is the units digit of (-4)/(-3)*171/t?
8
Suppose -180 = -9*q + 3*q. Let k = 85 - q. What is the units digit of k?
5
Suppose a = 7*t - 2*t - 15, -5*a - 33 = -4*t. Suppose -3*j = m - 44, -t*m - 6*j + j = -87. What is the tens digit of m?
4
Let z be ((-154)/(-21))/(2/(-3)). Let g = 38 + z. What is the units digit of g?
7
Let o = 106 - 183. Let d = 170 + o. What is the tens digit of d?
9
Let i be 3498/(-24) + 1/(-4). Let y = -104 - i. What is the units digit of y?
2
Let b(z) = z**2 + 6*z + 7. Let s be b(-4). Let a be (s + 260)/(9 - 10). What is the units digit of a/(-14) + (-2)/4?
8
Let y be 84/35 - (-4)/(-10). Suppose 2*k + 3*j = 65, -j = -4*k - 3*j + 142. Let b = y + k. What is the units digit of b?
9
Let o be (3/2)/1*(-92)/(-3). Let g = o - 38. What is the units digit of g?
8
Let t(a) = -47*a**3 + 25*a**2 - 6. What is the units digit of t(-3)?
8
Let v(i) = i**2 + 6*i - 22. Let p be v(-15). Suppose -3*m + 545 = p. Suppose -b - 2*b = -m. What is the tens digit of b?
4
Let i = 13 + -9. Suppose y - 22 = -5*g, -5*y - 7 + 1 = -i*g. Suppose 0 = -4*s + g, 0 = -3*f + s - 3*s + 11. What is the units digit of f?
3
Suppose -1996 = -4*m - 3*b, 3*b = -m - 9 + 517. What is the hundreds digit of m?
4
Let t = 24 + -21. Suppose t*h + p + 2*p - 27 = 0, 4*h - 3*p = 15. Suppose -2*y + s = -69, h*y - 2*y + 5*s - 145 = 0. What is the tens digit of y?
3
Let b(w) = 257*w - 205. What is the thousands digit of b(6)?
1
Let u(o) = o**3 + 6*o**2 - 3*o - 4. Let j be u(-6). Let s be 178*((-4)/(-8) + 0). Suppose -s = -5*h - j. What is the units digit of h?
5
Suppose 2*d = 2*f + 3268, 8*d = 7*d - 2*f + 1619. What is the thousands digit of d?
1
Let m be 76/18 + (-2 - 32/(-18)). Suppose 85 = 3*u - 5*v, m*v - v = 3*u - 75. What is the units digit of u?
0
Suppose 2*d = -5*d + 784. Let b be (1/(-2))/((-2)/8). Suppose b*a - 46 = -m + a, 2*m = 3*a + d. What is the units digit of m?
0
Suppose -38*l - 9*l = -31913. What is the hundreds digit of l?
6
Suppose 5*l - 3 + 13 = 0, 2*w + 2*l - 1044 = 0. What is the hundreds digit of w?
5
Let o be 9/(-7) - 8/(-28). Let n be (-2 - (-68 - 1)) + o. Let j = n + -4. What is the tens digit of j?
6
Let c(f) be the first derivative of f**4/4 + 4*f**3 - 13*f**2/2 - 4*f - 17. What is the units digit of c(5)?
6
Suppose 0 = 4*b - 7*m + 2*m - 29, -26 = -b + 5*m. Let q be b*2 - (16 + -20). Suppose -19*u = -16*u - q. What is the units digit of u?
2
What is the hundreds digit of (-27 - -30)*(-383)/(-3)?
3
Let b = -67 - -71. What is the hundreds digit of (4/b)/((-2)/(-434))?
2
Let v(w) = 29*w**3 + 0*w + 1109 - 1107 - 2*w + 16*w**3. What is the units digit of v(1)?
5
Suppose 3*w = -5*i, i = 5*w + 4*i. What is the units digit of (0 - w) + 9/1?
9
Let s = 39 - -18. Suppose 5*a = a - 5*x - 63, x - s = 5*a. Let g = -7 - a. What is the units digit of g?
5
What is the units digit of 5141/10 - 0 - (-1)/(-10)?
4
Let u(w) = -97*w - 113. What is the units digit of u(-2)?
1
Suppose o + 0 = 3. Suppose -o*l - 215 = -j - l, -3*j = -4*l - 645. Suppose -5*z = -5 - j. What is the units digit of z?
4
Let l(x) = 84*x - 149. What is the tens digit of l(18)?
6
Suppose -6*z + 146 = -916. Let m = -105 + z. What is the units digit of m?
2
Let p = -14 - -7. Let w(i) = -13*i - 8. Let q be w(p). Let b = -58 + q. What is the tens 